 + 2249577 = 5*x + 121*j. Is x a prime number?
True
Let a = 1242913 - 707094. Is a composite?
True
Let c(z) = 145*z**3 + 2*z**2 - 4*z - 5. Let m be c(-2). Let b = 11044 + m. Is b a prime number?
False
Let l(u) be the first derivative of 68*u**3/3 - u**2/2 - 17*u + 41. Is l(-6) composite?
False
Let v(q) = 13*q**2 - 1. Let z be v(-1). Let k be (8/z + 2)*(-3009)/(-2). Suppose 36222 - k = 10*m. Is m composite?
False
Let o(d) = -d**2 + 16*d - 13. Let y be o(15). Suppose y*c - 2*j - 1336 = 0, c - 3338 = -4*c + 3*j. Let b = -368 + c. Is b a composite number?
True
Let f(z) = -z**3 + 20*z**2 - 69*z. Let j be f(8). Suppose -206*x = -j*x + 70930. Is x a composite number?
True
Suppose -3*f - 2*z - 958 = 0, 2*f - 4*z = z - 645. Let c = 3602 + -4116. Let q = f - c. Is q composite?
True
Let j = -220324 - -386678. Is j prime?
False
Let x = 516 - 393. Let a = x + 128. Is a a composite number?
False
Let y(k) = 8*k**2 + 22*k + 1. Let p(t) = 2*t - 12. Let l be p(9). Suppose -7*w - 7 = -l*w. Is y(w) prime?
True
Suppose 4*v + 6 = 3*v. Is (-8976)/(-240) - v/10 prime?
False
Let i be -68*(-9)/(-12)*-1. Let d = -46 + i. Is 2/d - (-19812)/20 prime?
True
Let s = 98090 + -27367. Is s a composite number?
True
Let x = 217 + -225. Is 303666/264 - 6/x composite?
False
Let k = 101 + -98. Is 527 - (-3 + 3/k) prime?
False
Suppose -j + 3*j = 12. Suppose 70 = r + m, -j*r - 3*m = -r - 340. Suppose -67*p + r*p + 6038 = 0. Is p prime?
True
Let s(r) = 10905*r + 611. Is s(10) a prime number?
True
Let r(h) = 57859*h - 13212. Is r(19) composite?
True
Suppose 0*b + 477 = -b. Let s be 6 + 0 - (-57 + 69). Is (-4)/(-6)*1*b/s composite?
False
Suppose 4*f + 2*q - 3320382 = 0, 100*f - 98*f = 4*q + 1660226. Is f a composite number?
False
Suppose -6*k + 6 = -54. Let f be (798/k)/(23/115). Suppose f - 1934 = -5*t. Is t composite?
False
Let q be ((-4)/10)/((-12)/(-180)). Is (-14)/((-9)/((-47493)/q)) a prime number?
False
Suppose -4*r = -4*j, 5*r = -0 + 15. Let k be j/30 + (-116)/(-40). Suppose 5*w + 2*b = 1885, -2*w + k*w + 2*b - 377 = 0. Is w composite?
True
Let q be 5 - (5 + -5 - -2127). Let r = 5107 - q. Is r prime?
True
Suppose -28*n - 45 = -31*n. Suppose -4*p - p = -n. Suppose 4*u = -c - 0*u + 783, p*c + 4*u = 2317. Is c a composite number?
True
Suppose 31*i - 7754702 = 16494521. Is i a prime number?
False
Suppose 4*b = -d + 149298 + 89471, 3*b + 2*d - 179073 = 0. Is b prime?
True
Suppose 8*h + 90 = 18*h. Suppose -4*p = -x + 3939, 6*p - h*p = -x + 3941. Is x a composite number?
False
Suppose -100 = 18*u - 43*u. Suppose 5*j - 108167 = -u*p, -21631 = 3*j - 4*j - 2*p. Is j composite?
True
Let x(b) = 6*b + 70. Let n be x(-11). Suppose q + n = 3*f, -2*f + 4*q = -0 + 4. Suppose d = -5, f*a - 1994 - 1145 = d. Is a a composite number?
False
Let b = -48750 - -100951. Is b composite?
False
Let h = 612563 - 376504. Is h a prime number?
False
Let g = -13194 + 24533. Suppose -5*n + g = 4*c, -7*c + 3*n = -3*c - 11315. Is c composite?
True
Let a(d) = 15861*d**3 - d**2 - 7*d + 6. Suppose 5*l - 6*l = -5*t + 8, 2*t = 5*l + 17. Is a(t) a prime number?
True
Let h(p) = 4*p**2 + 22*p + 1. Is h(-37) prime?
True
Let l be (-450)/((-8)/45 - 28/(-70)). Let m = 2766 - l. Is m a composite number?
True
Let x = -45 + 49. Let a be -1 - 0/(((-16)/2)/x). Is a/2 + (7469/(-14))/(-1) a composite number?
True
Suppose 2843453 = 9*s + 4*s - 1153514. Is s a prime number?
False
Suppose 6*x - 12*x - 2184 = 0. Let q = 919 + x. Suppose 6*b - q = 3*b. Is b composite?
True
Let k = -25 + 33. Suppose k*d + 45795 = 23*d. Is d prime?
False
Suppose -2*j = -2*h - 8432 - 9168, 5*h + 44016 = j. Let u = 4751 - h. Is u composite?
True
Let g = -137 + 186. Suppose 2*t + 5*o - g = -0*t, 0 = -2*t - o + 69. Is t a prime number?
True
Suppose 182 = -17*c + 24*c. Suppose c*z = -12*z + 1099226. Is z a composite number?
False
Let g(h) = 81*h**3 - 30*h**2 + 161*h - 19. Is g(7) composite?
True
Let k be 245 - 3/(12/8). Suppose -514 = -2*h - 4*v, -h + k = -v - 4*v. Is h a composite number?
True
Let t = -13087 + 6723. Is (-30)/(-150) - t/5 composite?
True
Let m = 182 - 147. Suppose 162023 = -6*l + m*l. Is l a composite number?
True
Let l(i) = 12464*i + 763. Is l(2) a composite number?
True
Suppose 2*u + 301 = 2627. Suppose 2*o - o - u = -4*z, -z = 5*o - 5815. Is o a composite number?
False
Suppose -5*f - 2*o = -2, -8 - 8 = 2*f + 5*o. Is -2 + 17094 - (15 - 12) - f prime?
False
Suppose 38*y = 8*n + 41*y - 851089, 2*y = -3*n + 319161. Is n composite?
True
Let z be (-2 + (-3)/(-2))*0. Let q(n) be the third derivative of -n**6/120 + n**5/30 - n**4/24 + 277*n**3/2 + 652*n**2 - n. Is q(z) a prime number?
False
Let t be (175/(-105))/((-2)/(-6)). Suppose 2*k = 2 - 6. Is k - t - (-7 - -3) a prime number?
True
Suppose 0 = 4*s + 3*g - 855878, 0 = 31*s - 36*s - 3*g + 1069849. Is s composite?
True
Let k = 258 + -677. Let n = k + 1258. Is n a prime number?
True
Suppose -2*u - 1138650 = -0*y + y, 2*y + 2277300 = -u. Is y/(-250) - (-4)/10 a composite number?
True
Suppose -2*s + 7 = -3. Suppose 5*p + 5*o - 2 = 28, -2*o - 16 = -s*p. Is (-4 - -328)/p - 2 composite?
False
Is (73427/(-4))/((-18)/72) a composite number?
True
Let r = 2291 - 1467. Let t = r - -47. Suppose -f + 4*z + 369 = 0, 0 = 5*f - 5*z - 2656 + t. Is f a composite number?
False
Let o = -660 - -695. Is (-79507)/(-5) + (-14)/o + 0 a composite number?
False
Let x(r) = 2079*r. Let j be x(1). Let v = -1270 + j. Is (1/3 - v/6)*-2 a composite number?
False
Suppose -426*f + 365416 = -430*f. Let y = -65201 - f. Is y a composite number?
False
Suppose l + 80 - 315 = 0. Suppose 25 = 35*y - 45. Is 1 + 1 - y - l*-1 a composite number?
True
Let r = 251830 + -52527. Is r composite?
True
Let t(i) = -i + 5. Let l be t(0). Suppose s + l*m - 892 = 1076, 3*s - 4*m - 5923 = 0. Is s a prime number?
True
Let t be (1 - -1)/(-5*(-2)/5). Let f be (-2 - -1)*(-2410 - t). Let b = -1118 + f. Is b a composite number?
True
Let q be 46/10*1 - (-8)/20. Suppose 5*u + 5 = 2*r + 18, q*u = -2*r - 3. Is (-9 - -148)*u*2 prime?
False
Let l(a) = 11*a**2 + 10*a + 5. Let z be (-54)/(-30)*(-60)/(-9). Is l(z) a prime number?
True
Let z = 9182 + -1573. Is z prime?
False
Let c(k) = -22086*k - 19. Let a be c(-1). Suppose 6*f - a = 2*f - 3*d, -d = 5*f - 27592. Is f a composite number?
False
Let u = -223896 + 376515. Is u a prime number?
False
Let b = -329 - -329. Is b - (-2 + -2) - (-7289 + -34) composite?
True
Suppose 0 = 9*t + 11*t. Suppose 4*o - 12 = 4. Suppose -3*b + 2*b + 593 = 4*m, m - o*b - 161 = t. Is m prime?
True
Suppose 6*j - 4*j = 6. Suppose -2*p + 3 = -j. Suppose 57 = p*r - 210. Is r a composite number?
False
Let h(c) = -4*c**3 + 27*c**2 - 6*c - 7. Let x be (9/6)/(-1*4/(-16)). Is h(x) a composite number?
True
Suppose -4*i = -5*s + 100, -3*s - 5*i + 10*i + 73 = 0. Suppose 5*f = o - 117, -10 = 3*f - s. Is o composite?
False
Let b(x) = 3 + 9*x - 125*x + 0. Suppose 3303*i = 3287*i - 64. Is b(i) prime?
True
Suppose -5*o + 0*o = 0. Suppose 3*q - 16 + 1 = o. Suppose -5*p + 3*h + 1088 - 191 = 0, 5*p + q*h = 865. Is p a prime number?
False
Let k(c) = 43*c + 6. Let g(a) be the third derivative of a**4/24 - a**3/6 - 37*a**2. Let l(s) = 5*g(s) - k(s). Is l(-8) prime?
True
Let h(o) = -6*o**2 - 16*o + 12. Let i be h(-3). Suppose 16527 = i*y - 4311. Is y prime?
False
Let x be 8/(-20) - 101865/25. Let b = -1782 - x. Is b composite?
False
Let y = -569 - 6087. Let b = 981 - y. Is b prime?
False
Suppose 13*n - 528631 = 127570. Is n a prime number?
False
Let m(t) = 7*t**3 - 3*t**2 - 25*t - 13. Suppose 7*h - 10 - 74 = 0. Is m(h) composite?
False
Let v be (-1 - (-20 - -2)) + 0. Let p(g) = 37*g - 356. Let y be p(10). Suppose -v*h = -y*h - 2073. Is h a prime number?
True
Let k(u) = 34835*u + 1567. Is k(14) a prime number?
True
Is 24/4 - (-66)/9*(-199365)/(-10) a prime number?
False
Let i(l) = -133*l + 10. Suppose -12 = -6*q + 9*q. Let h be i(q). Suppose h = 3*r - 691. Is r composite?
True
Is (-342)/1197 - 18193470/(-14) - (-4)/(-14) prime?
True
Suppose 86735 = 3*f + 4*d, 86663 = 3*f + 714*d - 719*d. Is f a prime number?
True
Suppose 20 = -4*y + 14*y. Suppose -190 = -w + 3*x, -4*w - y*x = -x - 747. Is w a composite number?
True
Suppose 111062 = 177*o - 175*o. Is o a composite number?
True
Suppose -10*z - 1211822 - 2306978 = 0. Is 85/(-30) - -3 - z/48 composite?
False
Let l be